ivided by y.
2
Let x(w) = 42*w**2 + 6*w + 38. What is the remainder when 876 is divided by x(3)?
8
Let s be 13*(-2)/(-8)*-4. Let k = 186 + -181. What is the remainder when 118*k/(-3 - s) is divided by 15?
14
Let q(m) = -m**2 - 11*m - 7. Let y be q(-10). Suppose y*t + 90 = 5*h, 2*h - h + t - 10 = 0. Calculate the remainder when 5*(5 + -4)*(-57)/(-5) is divided by h.
12
Suppose 2*d + 30 - 62 = -o, 0 = -5*d + 25. Let h = -6 + 13. Suppose 3*b + 2*s + 44 = h*b, 2*b - o = 2*s. What is the remainder when 53 is divided by b?
9
What is the remainder when (145/(5220/4104))/(-2*(-6)/232) is divided by 316?
308
Suppose -2*p = -3*v + 145, -259 = -5*v + 4*p - 18. Calculate the remainder when 144 is divided by v.
46
Let y = 7569 + -7441. Suppose 31*s = 26*s + 105. Calculate the remainder when y is divided by s.
2
Suppose q + 18 - 20 = 0. Suppose 0 = 5*t + 5*c + 10410, -4*t - q*c - 5132 = 3202. What is the remainder when 16/(-72) + t/(-27)*1 is divided by 26?
25
Suppose 5*l = -6*v + 3*v + 215, -4*l = 5*v - 172. Let f = l - 40. Suppose -f*o = -19 - 44. What is the remainder when o is divided by 12?
9
What is the remainder when 359 is divided by (-325)/(-55) - 6 - (4692/(-33))/2?
4
Let h = -5369 + 5399. Calculate the remainder when 251 is divided by h.
11
Let s = 14027 - 13340. Calculate the remainder when s is divided by 143.
115
Let z(k) = k**2 - 19*k + 68. Let v be z(15). Suppose 0 = v*h - 148 - 68. Suppose -2*o + 17 = -141. Calculate the remainder when o is divided by h.
25
Suppose 2*i = 3*g - 116, 5*g = -4*i + 6015 - 5895. Let u = -5 - -23. Let d = 27 - u. Calculate the remainder when g is divided by d.
5
Let h(z) = -2*z + 48. Let y be h(19). What is the remainder when 2*149 - (y + 30/(-6)) is divided by 25?
18
Suppose -3*t = 3 + 12, 0 = -2*c - 4*t - 14. Suppose -4*w = -r + 33, c*r - w + 43 = 4*r. Let o = -3 + 17. Calculate the remainder when r is divided by o.
13
Suppose 0 = 99*v - 38849 + 8357. Calculate the remainder when 628 is divided by v.
12
Let y = -180 - -293. Let v(p) = -1140*p + 28557. What is the remainder when y is divided by v(25)?
56
Let l = 72 + 129. Let b(n) = n**2 - 30*n - 172. Let d be b(-5). Suppose -2*c + o - 85 = -4*c, -91 = -2*c - d*o. What is the remainder when l is divided by c?
37
Suppose -839*p = -841*p - 1106. Let h = p + 641. What is the remainder when h is divided by 45?
43
Let y(t) = 88*t**2 + 4*t - 216. What is the remainder when y(-13) is divided by 166?
162
Suppose 3*y - 241 = -4*d, 5*y + 5*d - 302 - 108 = 0. What is the remainder when y is divided by (-3 - -4) + 5*2?
10
Suppose -5*c + 6 = 1, -1835 = 4*x - 3*c. Let r = x - -480. Calculate the remainder when 43 is divided by r.
21
Let t = 4847 + -3976. What is the remainder when t is divided by 46?
43
Suppose 416*t - 12 = 419*t. What is the remainder when 118 - (-32)/2*1/t is divided by 10?
4
Let t be -4 + 6 + -4 + 2. Suppose -6*d + d + 45 = t. Let b = 26 - -5. What is the remainder when b is divided by d?
4
Let h = -416 - -396. Calculate the remainder when 103 is divided by (70/h - (0 + -3))*-116.
45
Suppose -5*c + 5*v = -11410, 3*c + 28*v - 30*v - 6842 = 0. Calculate the remainder when c is divided by 190.
188
Suppose 4*o + 3*p - 631 = 0, 2*p - 326 = 4*o - 952. Let a = -112 + o. Calculate the remainder when 158 is divided by a.
23
Let n(j) = 4*j**2 - 14*j + 5. Let g(v) = -2*v - 32. Let t be g(-22). Suppose 0 = -t*u + 14*u - 12. Calculate the remainder when n(u) is divided by 22.
21
Let s(f) = -1656*f - 8807. What is the remainder when s(-6) is divided by 407?
315
Suppose -m + 5*u = -8, -m = 2*m - 5*u - 14. Let l(y) = y**3 - y**2 - 5*y + 3. Let d = -71 + 98. Calculate the remainder when d is divided by l(m).
3
Let y(u) = -3*u**2 + 72*u - 31. What is the remainder when y(20) is divided by 25?
9
Suppose 2*y = j - 22 + 49, 5*y + 5*j = 45. Calculate the remainder when 1391 is divided by y.
11
Let i = 92 + -38. Let t(u) = -178*u + 816. Calculate the remainder when t(4) is divided by i.
50
Suppose -3*m = -13*m + 40. Suppose 0 = -2*p - m*p + 84. Suppose 0 = -12*i + p*i - 14. Calculate the remainder when 75 is divided by i.
5
Let o(f) = -4*f**3 + 41*f**2 - 4*f - 7. Suppose -3*m = -6*m + 45. Let s = m - -4. Calculate the remainder when o(10) is divided by s.
15
Let p(n) = 11*n - n**2 - 6 + 14 + 14. Calculate the remainder when p(12) is divided by 3.
1
Suppose -d - 3*h - 1648 = -7316, 0 = -5*d + 3*h + 28232. What is the remainder when d is divided by 12?
10
Let f = 20 - 17. Suppose -57 = -f*q + 24. Let o = -2 + 7. What is the remainder when q is divided by o?
2
Suppose 3*j + 5*i - 76 = 0, i - 5*i = -4*j + 144. Calculate the remainder when 433 is divided by j.
17
Let u(k) be the third derivative of k**5/20 - k**3/6 - 3*k**2. Let z(a) = -7*a**2 - 118*a + 37. What is the remainder when z(-17) is divided by u(2)?
9
Suppose 27*q = 7007 - 2093. Let j be (3 - 0) + (2 - 0). Suppose 4*a + j*y = -a + 255, -y = -3*a + 133. What is the remainder when q is divided by a?
44
Suppose -3*c = -15, 10*c = -4*q + 7*c + 231. Let g = q - 32. What is the remainder when 98 is divided by g?
10
Let b(d) = -10*d - 288. Let n be b(-31). Let l = -37 + 63. Let c = l - n. What is the remainder when 5 is divided by c?
1
Suppose 0 = -3*t - 5*n + 367, 2*t - 33*n = -32*n + 236. What is the remainder when 295 is divided by t?
57
Let y(q) = 2*q**3 - 10*q**2 + 13*q - 6. Let k = 302 - 297. Calculate the remainder when y(k) is divided by 27.
5
Let a = 308 + -281. Calculate the remainder when 2000 is divided by a.
2
Let q = -4899 + 4920. Calculate the remainder when 2576 is divided by q.
14
Suppose -6*g + 4*g - m + 1131 = 0, 3*m + 9 = 0. Suppose -10*d = 77 - g. Calculate the remainder when d is divided by 6.
1
What is the remainder when (1 - 1) + (57 - -5) is divided by (-3 + 1)/(15/(-60))?
6
Suppose 4*d = 5*d - n - 48, -4*d - 4*n + 224 = 0. Let j = d + -22. What is the remainder when j is divided by 174/21 + 6/(-15) + 52/455?
6
Let t(b) = -23*b + 1069. Calculate the remainder when 1130 is divided by t(46).
8
Let x = 14 + -6. Let n(z) = 1514*z - 1483. Calculate the remainder when n(1) is divided by x.
7
Let a = -5157 + 5298. Calculate the remainder when 309 is divided by a.
27
Let s = 1849 - 1465. Calculate the remainder when s is divided by 67.
49
Let k(c) = c + 19. Let q(s) be the second derivative of -3*s**5/20 - s**4/4 - s**3 + 3*s**2/2 + 13*s. What is the remainder when q(-3) is divided by k(-6)?
10
Suppose 15*g - 26*g = 3333. Let n = g + 811. What is the remainder when n is divided by 16?
12
Suppose p = 2*l + 363, -2*p - 71*l + 723 = -74*l. What is the remainder when p is divided by 12?
9
Suppose 11*x - 1698 - 304 = -11*x. Calculate the remainder when 280 is divided by x.
7
Let m(v) = -4*v + 33. Let n be m(6). Suppose 0 = 14*p - 11*p - n. Suppose 5 = 4*i - p*i. What is the remainder when 29 is divided by i?
4
Let v = -7278 - -7331. Let j be 13/4 + (-1)/4. Suppose -m = j*b - 6*m - 72, 12 = -4*m. Calculate the remainder when v is divided by b.
15
Let z = -175 - -173. What is the remainder when 66 is divided by -1 + z + 5 + 16?
12
Suppose -5*o - 3*t + 19 = 0, 0*o + 12 = 3*o + 2*t. Let b be (1*6/(-12))/(o/(-8)). Suppose b*p = -2*p + 64. Calculate the remainder when 31 is divided by p.
15
Let k(h) = 3 + 3*h**2 - h**2 + 2*h + 8 - h**2. What is the remainder when k(-12) is divided by 41?
8
Let j(g) = 2*g**2 + 90*g + 406. What is the remainder when 1480 is divided by j(-40)?
4
Let s = 15978 - 15929. Suppose -4*v = 2*i + 10 + 32, -3 = v. Let r = 32 + i. Calculate the remainder when s is divided by r.
15
Let k(i) = -6*i - 64. Let g be k(-11). What is the remainder when 161 is divided by 53/g - 3/(-6)?
26
Let t = 495 + -445. Calculate the remainder when t is divided by 31.
19
Let k be 6*(1 - 2) + 12. Suppose -4*g - 4 = 0, 2*t - 5*g = -k*g + 589. What is the remainder when t is divided by 75?
70
Let s = 8 - 15. Let t = 21 - s. Suppose -3*g - 2*n + t = -66, 5*n + 122 = 3*g. What is the remainder when g is divided by 18?
16
Let f = -258 + 285. Suppose f*p - 581 = 9652. Calculate the remainder when p is divided by 19.
18
Let j(p) = -p**2 - 17*p + 13. Let r = 18 - 35. Let n(t) = 3*t**2 - 5*t + 89. Calculate the remainder when n(0) is divided by j(r).
11
Suppose 0 = -12*s + 215 + 781. What is the remainder when s is divided by 5